ppose c = 5*q + z*c - 945, -2*q - 2*c = -384. Is q a prime number?
False
Let p = -10292 - -17023. Is p composite?
True
Suppose 3*q - 6*q = 3. Is -8 + 1356 + 1/(0 - q) a composite number?
True
Suppose 0 = -l + 5*k + 4648, 3*l + l - 18702 = -2*k. Is l a prime number?
True
Let n = 51 + -47. Suppose 0*h - n*h = -2908. Is h composite?
False
Suppose -z - 26*y = -27*y - 30242, 5*z - 151203 = -2*y. Is z a composite number?
False
Let k(u) = -1481*u - 130. Is k(-11) prime?
False
Let d(h) = 8*h**3 + 2*h**2 - 6*h + 7. Let y(b) = -9*b - 5. Let x be y(-1). Is d(x) a prime number?
False
Let k = -11 + 15. Suppose -2*b = 3*w + 2*b - 18, -w - 2*b = -8. Suppose 0 = -2*f + k*f + w, 4*t + 4*f - 1624 = 0. Is t composite?
True
Suppose -c - 4 - 4 = 2*y, 4*c + 21 = 3*y. Let f = -18 - c. Let p = 10 - f. Is p prime?
False
Let l(d) = d**3 + d**2 - d + 1. Let n(i) = -5*i**3 + 5*i**2 + 6*i + 7. Let q(h) = -6*l(h) - n(h). Is q(-12) a composite number?
False
Let o = -32 + 17. Let d be 3/o + (-5804)/(-20). Is d/3 - 4/(-12) composite?
False
Suppose 18 = 89*o - 86*o. Suppose 10*y - 1744 = -o*y. Is y a composite number?
False
Suppose b - 116 = 4*x, 3*x + 2*x - 3*b = -152. Let a be (-77)/x + (-3)/4. Is (-95)/a*(-12)/10 a composite number?
True
Let z(g) = 4*g**2 - 7*g - 56. Is z(21) prime?
False
Is 12/(-1*2) - 225367/(-37) a prime number?
False
Let x(u) be the second derivative of -5*u**3/3 - 9*u**2/2 - 14*u. Is x(-10) composite?
True
Let v = -7 - -11. Suppose b + 503 = v*p, -3*b + b + 518 = 4*p. Is p a prime number?
True
Suppose 3*s - 3 = -18, 0 = 3*x - 2*s - 155875. Is x a composite number?
True
Let k(o) = 3*o**3 - o**2 + 2*o - 4. Let b(s) = s**3 + s**2 - s. Let i(j) = 2*b(j) - k(j). Let n be i(3). Is -4 - (2 + n) - -53 prime?
False
Let b be 30/(-20)*(-16)/6. Suppose 4*v + 1325 = 3*y, -2*v + 6*v = b. Is y prime?
True
Let w = 68 + -70. Is 391/2 + (-9)/(-12)*w a composite number?
True
Suppose 89*k = 79*k + 6730. Is k a composite number?
False
Suppose -4*l - 4*w + 9*w - 29 = 0, -w = 4*l + 23. Is (-6)/l + -2 - -222 prime?
False
Let q = 1361 + 9630. Is q prime?
False
Let w = -5 + 19. Suppose 2*n = -w*n + 1648. Is n a prime number?
True
Suppose 5*u = -649 - 331. Let o = 1515 + u. Is o prime?
True
Is (2 + (-724)/3)/((-12)/306) composite?
True
Let s be 3 - (0 - (-1 - -3)). Suppose y - 2*l - 156 = -0*y, s*l = y - 156. Suppose 4*j = 4*r - y, -r + 2*j - 20 = -63. Is r a prime number?
False
Suppose -5*b = -b. Suppose -m - 645 = 4*l, b = 4*m - m + 2*l + 1975. Let o = m + 932. Is o composite?
False
Let j be (-2)/6 - (-38)/6. Suppose 3*u - j = n - 3*n, -n - 4 = -2*u. Suppose 0 = -u*r + 7*r - 2035. Is r composite?
True
Suppose -2*u = -3049 + 1005. Let k = u + -607. Is k composite?
True
Suppose 2*d + 3*u = 4220, -7*d + 9*d - u - 4204 = 0. Suppose 5*k + d = 3*w, -6*w = -2*w + 5*k - 2817. Is w composite?
True
Suppose -5*v - 390 = 5*t, 0*v + 384 = -5*v + t. Let h = 9 - v. Suppose f - 3*f + h = 0. Is f a prime number?
True
Let w(o) = -o**3 + 11*o**2 - 12*o + 14. Let d be w(10). Let t be (-14)/d - (-1)/(-3). Suppose 4*f = -g + 333, -3*f = 4*g + t*f - 1343. Is g a composite number?
False
Suppose 2*h = -t + 12, -29 = -t - t - 5*h. Let s be 88/6 - t/(-6). Suppose -94 + s = -u. Is u prime?
True
Let d be 9/6*(-4 - -1148). Suppose -d = -f - 5*j, -5*f + 0*j + 8560 = 5*j. Is f a prime number?
False
Let q(c) = -2*c**2 - 22*c - 12. Let b be q(-11). Is 21 - ((-4)/b + 1/(-3)) a prime number?
False
Let q be ((-16)/(-3))/(13/1794). Let d = q + -317. Is d composite?
False
Suppose 0 = 4*f - 7 - 9. Suppose 4*w = -12, -2*q - 5*w - 13 = -f*q. Is (9 - -4)*q/(-1) composite?
False
Suppose 0*b + 6 = 2*b. Suppose -4*a + 6 = -b*a. Suppose -5*k + a + 409 = 0. Is k a prime number?
True
Suppose 10*f + 8 = 14*f. Suppose f*l - 6 = 0, 2*l + 3209 + 6020 = 5*w. Is w composite?
False
Let c(v) = -669*v**3 - 4*v**2 - 9*v - 13. Is c(-3) a composite number?
False
Is -3 + 21*94 + 2 a prime number?
True
Let f be 11*6*2/66. Suppose 3*i = f*l + 2333, -5*i + 2*i = -4*l - 2323. Is i a composite number?
True
Let o(w) = w**3 - w**2 - w + 789. Let k be o(0). Suppose 3*c = k + 324. Is c a prime number?
False
Let d = -195 + 2140. Is d a prime number?
False
Let q = 21 + 7. Let g = 113 - -21. Suppose -2*y - q = -g. Is y composite?
False
Let d(t) = -6*t**3 + 6*t - 17. Is d(-6) composite?
True
Let l = -1006 + 3945. Is l prime?
True
Let v(l) = 107*l**2 - 2*l + 4. Let s(d) = -321*d**2 + 5*d - 13. Let r(w) = 2*s(w) + 7*v(w). Is r(2) composite?
True
Suppose -5 = 2*h + i - 15, -4*h = -3*i - 10. Suppose -4*y - 2*u + u + 3558 = 0, -h*y - 3*u = -3562. Is y a prime number?
False
Let x = 20297 - 14448. Is x a composite number?
False
Suppose b + g - 34743 = 0, g + 104213 = 47*b - 44*b. Is b a prime number?
True
Let b be ((-7)/(-2) + -4)*-1070. Let l = b + -284. Is l a prime number?
True
Let x(j) = -11144*j + 187. Is x(-3) composite?
False
Is (-6 - -12 - 7)*-4713 composite?
True
Let k = 159 + -163. Is (0 - 1089/(-12)) + k/(-16) a composite number?
True
Let t(g) = 127*g**2 + 2*g - 1. Is t(18) a prime number?
True
Suppose -5*y + 508135 = 2*t, -3*y = -7*y - 4*t + 406508. Is y a composite number?
False
Let w = 17512 - 10240. Suppose -w = -4*p - 2104. Suppose 5*r + 5*q = 2940, 1053 + p = 4*r - 3*q. Is r prime?
True
Let u(i) = -11*i + 15. Let l be u(9). Is (-124848)/l + 2/(-7) a prime number?
False
Let k(r) = 26*r**2 - 5*r - 7. Suppose 7 = -a + 1. Is k(a) a composite number?
True
Is (-14109)/(-15)*(1 - -4) a composite number?
False
Let i = -101 - -83. Let q(u) = -u**3 - 18*u**2 - 15*u - 3. Is q(i) a prime number?
False
Is ((-21835)/(-4) + (10 - 9))*4 a prime number?
True
Let q = 17678 + -8901. Is q a prime number?
False
Suppose 5*y - 20 = y. Suppose 2*m = -y*a + 2040 + 1633, -2*a + 5*m + 1446 = 0. Let p = -468 + a. Is p a prime number?
False
Suppose 5*j = 10*j. Suppose j = -o - 10 + 116. Is o composite?
True
Suppose 52664 = 9*z - 112513. Is z a composite number?
False
Let g(m) = m - 2. Let y be g(6). Suppose 26 = -c + 28. Suppose y*j + 133 = 3*x - c*x, 0 = -x - 5*j + 133. Is x a composite number?
True
Let o = -1089 - -2572. Is o composite?
False
Suppose 4*r + 4*s = 5416, 4*s - 3*s + 6740 = 5*r. Is r composite?
True
Let b = -11888 + 40149. Is b prime?
False
Suppose 5*u + 86760 = 4*x, -2*x + 6*u = u - 43390. Is x a composite number?
True
Suppose 4*j + 4*a = 16, -2 = a + a. Suppose 459 = 4*x - 2*f + 1693, -x - 314 = j*f. Is 6/(1 - 4) - x a composite number?
False
Let k(p) be the third derivative of -91*p**4/24 - 2*p**3/3 - 7*p**2. Is k(-2) a composite number?
True
Suppose 3*l - j + 3*j - 19 = 0, 2*l + 2*j - 16 = 0. Suppose -5*d + 5*b + 7850 = 0, 3*d - 4702 = -2*b + l*b. Let t = d + -925. Is t a composite number?
False
Is (-2)/(-4)*-2 - (-13 - 5119) prime?
False
Let c = 9 - 13. Let x(r) be the second derivative of -r**5/20 - r**4/3 - r**3/2 + 3*r**2/2 - 11*r. Is x(c) a composite number?
True
Suppose 5*j = -5*a + 2055, 791 = -5*j + 3*a + 2846. Is j a composite number?
True
Let p = -38 + 53. Let b = p - 14. Suppose -4*m - 4 = -i - b, 5*i + 3*m - 38 = 0. Is i a composite number?
False
Suppose -4833 = -7*c + 12436. Is c composite?
False
Let p = -15645 + 39106. Is p composite?
True
Suppose 0 = 3*u - 1 - 5. Suppose -4*j + 150 = u*x, 5*x + 5*j - 362 = 23. Is x a prime number?
True
Let x(o) = 11*o + 17. Let q be x(9). Let t = q + -27. Is t a composite number?
False
Suppose -2*f + 7 = 5*k - 1, 4*f + 3*k = 30. Let n = 13 - f. Suppose h + 8*l - 5*l - 340 = 0, n*h - 3*l = 1390. Is h a prime number?
False
Suppose 0*l - 2*l = 4*d - 14, -l - 17 = -4*d. Suppose 2*i - 78 = -3*r + 5, -d*i - 8 = 0. Let o = r - -152. Is o a composite number?
False
Suppose -7*y + 17 = 332. Let f = 95 - -27. Let t = y + f. Is t a composite number?
True
Let h(q) = 41*q**2 - 14*q + 10. Is h(-9) composite?
False
Suppose 8*r = 2*r - 12. Let b(c) = -19*c**3 + 3*c**2 - 3. Is b(r) composite?
True
Suppose 0 = 10*v - 7*v - 60. Suppose -4*b - b = -v. Is 87 - 2/b*2 prime?
False
Suppose 0 = 2*m - 0*m - 4. Let k be (-4)/(-7) + 3013/7. Suppose -m*v = -k - 15. Is v composite?
False
Let w(y) = -1856*y - 606. Is w(-5) composite?
True
Suppose -i - 3*a - 6 = 2*i, 5*i = 2*a + 4. Suppose i*w - 2 = 5*l + 4*w, -3*w - 1 = 4*l. Suppose 3*r - 3*z = 420, -l*z + 10 = 3*z. Is r a composite number?
True
Suppose 2*f - 3*z - 14 = 0, 3*f =